dred thousands digit of 2036453181?
4
What is the millions digit of 1768203091?
8
What is the hundred millions digit of 275721694?
2
What is the hundreds digit of 82085674?
6
What is the units digit of 1166685342?
2
What is the hundred millions digit of 368685498?
3
What is the thousands digit of 149299984?
9
What is the units digit of 896656164?
4
What is the tens digit of 25935598?
9
What is the hundred millions digit of 5116884682?
1
What is the hundreds digit of 245131630?
6
What is the tens digit of 2760293327?
2
What is the hundred thousands digit of 772307026?
3
What is the hundreds digit of 408981603?
6
What is the hundreds digit of 689858625?
6
What is the tens digit of 34525028?
2
What is the thousands digit of 186848334?
8
What is the tens digit of 373007643?
4
What is the hundred thousands digit of 23426599?
4
What is the hundred thousands digit of 2991919656?
9
What is the hundreds digit of 53222309?
3
What is the tens digit of 79026546?
4
What is the units digit of 18420229?
9
What is the thousands digit of 544065175?
5
What is the ten millions digit of 33663871?
3
What is the ten millions digit of 117468444?
1
What is the ten thousands digit of 601335455?
3
What is the tens digit of 53777071?
7
What is the units digit of 562815841?
1
What is the millions digit of 160808067?
0
What is the hundred thousands digit of 90743201?
7
What is the hundred millions digit of 779306843?
7
What is the units digit of 3843342?
2
What is the ten thousands digit of 1830735050?
3
What is the tens digit of 42108221?
2
What is the tens digit of 5313785895?
9
What is the thousands digit of 10161534?
1
What is the hundred millions digit of 1163341904?
1
What is the thousands digit of 1643624966?
4
What is the units digit of 4252505792?
2
What is the millions digit of 117908585?
7
What is the units digit of 48999616?
6
What is the millions digit of 14428245?
4
What is the units digit of 145425317?
7
What is the thousands digit of 133484735?
4
What is the ten millions digit of 3570899150?
7
What is the thousands digit of 54649094?
9
What is the tens digit of 83988795?
9
What is the hundred millions digit of 164651926?
1
What is the hundred thousands digit of 1667484904?
4
What is the ten millions digit of 33797354?
3
What is the hundred millions digit of 1225476949?
2
What is the hundred thousands digit of 290951690?
9
What is the ten millions digit of 425682187?
2
What is the hundred millions digit of 1991481489?
9
What is the millions digit of 84680675?
4
What is the millions digit of 133343379?
3
What is the ten millions digit of 3220298126?
2
What is the hundred millions digit of 2626871041?
6
What is the units digit of 20805697?
7
What is the thousands digit of 163965981?
5
What is the units digit of 3614018265?
5
What is the hundred thousands digit of 1021852985?
8
What is the ten thousands digit of 76741170?
4
What is the tens digit of 403750001?
0
What is the hundred millions digit of 2499955743?
4
What is the tens digit of 74327898?
9
What is the tens digit of 204840038?
3
What is the tens digit of 1685357005?
0
What is the hundreds digit of 4188926807?
8
What is the hundred thousands digit of 3793645488?
6
What is the ten millions digit of 2816184594?
1
What is the thousands digit of 132885023?
5
What is the ten millions digit of 317739926?
1
What is the billions digit of 3241144921?
3
What is the millions digit of 1389853781?
9
What is the hundreds digit of 17819482?
4
What is the hundred millions digit of 6742608839?
7
What is the ten millions digit of 28381576?
2
What is the thousands digit of 13531466?
1
What is the ten thousands digit of 453024752?
2
What is the hundred millions digit of 665534412?
6
What is the units digit of 30315009?
9
What is the hundred thousands digit of 3341815460?
8
What is the thousands digit of 1999534149?
4
What is the tens digit of 1495863556?
5
What is the hundred millions digit of 122893715?
1
What is the units digit of 92093434?
4
What is the ten thousands digit of 19961536?
6
What is the tens digit of 139299182?
8
What is the hundreds digit of 215139580?
5
What is the hundred millions digit of 1714050493?
7
What is the ten millions digit of 120983963?
2
What is the units digit of 126605923?
3
What is the hundred thousands digit of 106068246?
0
What is the hundreds digit of 216777998?
9
What is the hundred thousands digit of 22565156?
5
What is the thousands digit of 1560272126?
2
What is the units digit of 1648287359?
9
What is the ten thousands digit of 4489807296?
0
What is the hundreds digit of 1378372?
3
What is the units digit of 39750696?
6
What is the thousands digit of 39881174?
1
What is the millions digit of 419220128?
9
What is the units digit of 41263038?
8
What is the hundreds digit of 194572897?
8
What is the tens digit of 787809612?
1
What is the ten thousands digit of 421200730?
0
What is the millions digit of 47657282?
7
What is the hundred thousands digit of 9137158?
1
What is the millions digit of 899363060?
9
What is the thousands digit of 65141539?
1
What is the hundreds digit of 71064988?
9
What is the thousands digit of 25900484?
0
What is the billions digit of 2407966724?
2
What is the hundred millions digit of 2565103171?
5
What is the hundred thousands digit of 22848936?
8
What is the hundred thousands digit of 23879103?
8
What is the units digit of 2045786180?
0
What is the hundreds digit of 74412717?
7
What is the thousands digit of 280289466?
9
What is the thousands digit of 118798045?
8
What is the millions digit of 571999381?
1
What is the thousands digit of 104600112?
0
What is the hundreds digit of 2686012630?
6
What is the tens digit of 76774048?
4
What is the hundred thousands digit of 53229549?
2
What is the billions digit of 4008266915?
4
What is the ten thousands digit of 425820459?
2
What is the hundred millions digit of 826787046?
8
What is the hundreds digit of 430886968?
9
What is the ten millions digit of 935456022?
3
What is the millions digit of 813786515?
3
What is the ten millions digit of 46470464?
4
What is the ten millions digit of 140306940?
4
What is the units digit of 64334274?
4
What is the tens digit of 2187152552?
5
What is the units digit of 612957414?
4
What is the hundreds digit of 16127265?
2
What is the units digit of 664649665?
5
What is the hundreds digit of 740110054?
0
What is the hundred millions digit of 437199348?
4
What is the thousands digit of 10852372?
2
What is the thousands digit of 9223162?
3
What is the hundred thousands digit of 316558296?
5
What is the ten millions digit of 17297308?
1
What is the hundred millions digit of 102188270?
1
What is the ten thousands digit of 264497273?
9
What is the ten thousands digit of 635612320?
1
What is the ten thousands digit of 52223576?
2
What is the tens digit of 40266826?
2
What is the millions digit of 3368069688?
8
What is the ten thousands digit of 1088488788?
8
What is the units digit of 2116580820?
0
What is the hundred thousands digit of 1378999626?
9
What is the hundreds digit of 92115959?
9
What is the ten thousands digit of 227770874?
7
What is the hundred millions digit of 520502716?
5
What is the ten thousands digit of 3505684630?
8
What is the millions digit of 2990274?
2
What is the ten thousands digit of 1358112065?
1
What is the ten millions digit of 93649759?
9
What is the ten millions digit of 539138479?
3
What is the millions digit of 22755304?
2
What is the tens digit of 216411319?
1
What is the hundreds digit of 356890161?
1
What is the thousands digit of 8643579176?
9
What is the hundred thousands digit of 452157350?
1
What is the hundred millions digit of 204580961?
2
What is the millions digit of 425957724?
5
What is the ten thousands digit of 469087412?
8
What is the tens digit of 3136985998?
9
What is the units digit of 692015948?
8
What is the units digit of 323304325?
5
What is the thousands digit of 53509606?
9
What is the ten thousands digit of 3577749693?
4
What is the tens digit of 1124443473?
7
What is the hundred millions digit of 4642632244?
6
What is the ten millions digit of 29946292?
2
What is the tens digit of 646491745?
4
What is the millions digit of 76523398?
6
What is the thousands digit of 77870380?
0
What is the millions digit of 279495651?
9